2. Calculate the highest common divisor of 72 and u.
8
Let n(q) be the first derivative of -7*q**2/2 - 4*q - 2. Let c be n(-3). Suppose 0*k + 4*k = 476. What is the highest common factor of k and c?
17
Suppose 72 = 4*r - r. Calculate the highest common factor of 8 and r.
8
Let m = 140 - 0. Suppose -1 - 139 = -2*a - f, 4*f - m = -2*a. What is the highest common divisor of a and 14?
14
Let a be -3 + 33 + 2 + 0. Suppose 3*p + a = j, -j + 3*p = 4*j - 160. Suppose 8 = -0*l + 2*l. What is the greatest common factor of j and l?
4
Suppose -4*x = -9*x + 4*h + 109, 3*x - 62 = -h. Calculate the greatest common factor of x and 14.
7
Let a = -21 - -41. Let o(i) = 0*i - 2*i + 4*i - 9. Let n be o(7). What is the highest common divisor of a and n?
5
Suppose -4*h - 2*k - 3*k + 28 = 0, h = -3*k. Calculate the greatest common divisor of 30 and h.
6
Suppose -4*y + x = 4*x - 60, 75 = 5*y - x. Calculate the highest common factor of 120 and y.
15
Let q be 46/6 + (-1)/(-3). What is the greatest common factor of q and 88?
8
Let b = 98 - 70. What is the greatest common factor of b and 4?
4
Let v be ((-3)/(-6))/((-5)/(-10)). Let l = v - -9. Calculate the highest common divisor of 110 and l.
10
Suppose g = a - 8, 0 = 5*a - 0*g - 3*g - 30. Let u be 3 + 3*2/a. Let r be (26/u)/((-1)/(-5)). Calculate the highest common divisor of r and 13.
13
Let q(b) = -b**2 + 15*b + 16. Let d be q(14). Calculate the highest common divisor of d and 270.
30
Let r(i) = i**3 - 6*i**2 + 2. Let d be r(6). Suppose -4 = -d*n - 0. Suppose -n*x + 214 - 16 = 0. Calculate the greatest common factor of x and 11.
11
Let p(b) = b**2 - 6*b + 3. Suppose 3*x - 8 + 2 = -5*a, 0 = -3*x + 3*a + 30. Let m be p(x). What is the highest common factor of 100 and m?
10
Let q(y) = 2*y**2 - 3*y + 4. Let h be q(4). Calculate the highest common factor of h and 16.
8
Let f = 26 - 14. Suppose 3*r + 30 = q, -5*r + 3 + 7 = 0. What is the highest common factor of q and f?
12
Let f = -24 + 43. Let k(t) = 24*t**2 + t + 1. Let o(m) = -m**2 - 6*m - 2. Let w be o(-6). Let c be k(w). What is the greatest common factor of f and c?
19
Let j = 14 - -21. Calculate the highest common factor of 14 and j.
7
Let n be (6/18)/(2/(-6)). Let u be -2 - 1/(n/10). What is the highest common factor of u and 16?
8
Let b be 2*((-228)/8)/3. Let y = -7 - b. Calculate the greatest common divisor of y and 4.
4
Suppose 5*f - 2*g + 14 = 0, -5*g + g = -5*f - 18. Let t = 1 - f. Let n be (0 - 1) + (-6 - -6) + 10. Calculate the highest common divisor of t and n.
3
Let f be 8/(-6)*(-18)/4. Suppose -4*p + 127 = -3*v, 11*v = -3*p + f*v + 59. Calculate the greatest common factor of 224 and p.
28
Let b = 2 + 1. Let s be 5/15 - (-35)/b. What is the greatest common factor of s and 132?
12
Suppose 0 = -3*q - 3*j + 9 + 18, 0 = q + 4*j + 6. Let i = q - -1. What is the highest common factor of i and 15?
15
Suppose -11*z = -8*z - 126. Calculate the greatest common divisor of z and 21.
21
Let s = 27 - 8. Let o = 67 - s. Suppose 6 = -3*p + o. What is the greatest common factor of p and 35?
7
Let x = -50 - -76. Let i(k) = -18*k - 2. Let z be i(-3). Calculate the greatest common factor of x and z.
26
Suppose -5*z = c, -2*c + 27 = 5*z + 7. Suppose -5*x = -3*j - 2*j - 390, 2*x - 152 = 4*j. Calculate the greatest common divisor of x and c.
20
Suppose -2*u = g + 3, -3*g - 4*u - 1 = -2. Calculate the highest common factor of g and 77.
7
Suppose 0 = -3*w + 283 - 67. Let a(s) = 5 + 3 + 16 + s**3. Let c be a(0). Calculate the highest common divisor of c and w.
24
Let g be 11 + -1 - (-1 + 5). What is the highest common divisor of g and 12?
6
Let w(f) = -12*f - 4. Let r be w(-2). What is the greatest common divisor of 10 and r?
10
Suppose -4*m - 8 - 12 = 0, f = -5*m - 7. What is the greatest common divisor of f and 36?
18
Suppose 6*a = 3*a. Suppose -3*c + 7*c - 48 = a. What is the greatest common divisor of c and 36?
12
Let f be (0 - (-1 + -2)) + -1. Calculate the highest common factor of 3 and f.
1
Let d = 43 - -102. Calculate the greatest common divisor of d and 58.
29
Let i(x) = -3*x**2 - 29*x + 10. Let f be i(-8). Calculate the highest common factor of 20 and f.
10
Let i = 157 - -48. Suppose d - 6*d - i = -5*k, -k + 46 = 4*d. Calculate the highest common divisor of 6 and k.
6
Let f = 41 - -3. Let s = 134 - f. What is the greatest common divisor of s and 10?
10
Suppose 100 + 100 = 3*u + 2*s, 3*u + 3*s - 195 = 0. What is the highest common divisor of u and 14?
14
Suppose 14*k - 242 = 3*k. Let d = 30 - 19. Calculate the greatest common divisor of d and k.
11
Suppose 0 = 2*v - 2*y - 92, 2*v + 3*v - 4*y = 232. What is the highest common divisor of v and 72?
24
Suppose 0 = -2*g - 3*g + 75. Suppose 0 = 5*x - 13 - 12. Calculate the greatest common factor of x and g.
5
Let i be 225/(-21) - 2/7. Let l = i - -20. What is the highest common divisor of l and 3?
3
Let p(t) = 7*t - 55. Let y be p(15). Calculate the greatest common divisor of 10 and y.
10
Suppose 2*s + 2*i = 3*i + 5, -2*s = -5*i - 1. Suppose s*f = -f + 352. Calculate the highest common divisor of f and 22.
22
Let y(m) = m**3 + 12*m**2 + 21*m + 11. Let w be y(-10). Calculate the greatest common factor of 1 and w.
1
Suppose 37 - 9 = 2*t. Suppose -j + t = -5. Calculate the greatest common factor of j and 19.
19
Suppose -3*j + 14*g + 77 = 16*g, 3*g = 5*j - 122. What is the greatest common divisor of j and 225?
25
Let n = -61 + 138. Let z = 8 - 15. Let d(c) = -c + 4. Let i be d(z). Calculate the highest common divisor of i and n.
11
Let a(g) = 2*g**2 - 8*g + 8. Let d be a(7). What is the greatest common factor of 5 and d?
5
Let i be 3/(-2)*(-4)/3. Suppose 3*d + i*t - 34 = d, 3*d - 56 = -4*t. Calculate the highest common factor of d and 24.
12
Let s be 42/(-4)*3240/(-126). What is the greatest common divisor of 54 and s?
54
Suppose -2*k = -42 + 6. What is the highest common factor of k and 9?
9
Let l be (4/(-2))/2 - -51. Let j(r) = 19*r + 1. Suppose -2*s = -0 - 2. Let c be j(s). Calculate the greatest common divisor of l and c.
10
Suppose -5 + 2 = y. Let w = 12 + y. Suppose 0 = -4*i + 2*b + 314, -i - 2*b = 2*i - 253. Calculate the greatest common factor of w and i.
9
Let i = 3 + 3. Suppose 3*t - t = i. Calculate the greatest common divisor of t and 2.
1
Let x = 1 + 2. Let i be 3 + 0 + (-3)/x. Suppose i*a - 3*a = -50. Calculate the highest common divisor of 10 and a.
10
Let z = 8 - 6. Suppose -z*u + 38 = 8. What is the highest common factor of u and 6?
3
Let m be 1 + (-1 + -1)/(-2). Let r(j) = j - 2. Let g be r(8). Let c be g/16 - 111/(-24). Calculate the highest common divisor of m and c.
1
Let c = -6 - -11. Let b(d) = -d**3 + 5*d**2 - 5*d + 7. Let k be b(c). Let x be ((-2)/6)/(1/k). What is the highest common divisor of 3 and x?
3
Let f(m) = 3*m**2 + 5*m - 6. Let l be f(2). Calculate the highest common divisor of 16 and l.
16
Suppose -3*g - 4*i + 11 = 0, -i - 4*i - 30 = -5*g. Suppose 4*o = -2*t + 6, -9 - 4 = 3*t - g*o. Let p = t - -13. Calculate the greatest common factor of p and 6.
6
Let v = 2 + 2. Suppose -3*j = -2*i - 2, v*j - 4*i + 2 = j. Calculate the highest common divisor of 2 and j.
2
Let n(i) = i + 3. Let p be n(6). Let z = p + 3. Let d be ((-4)/z)/((-1)/30). What is the highest common factor of 70 and d?
10
Let r be 1/((8/436)/2). Suppose -195 = -3*m + 3*z, 5*m = 3*z + 206 + r. What is the greatest common divisor of m and 30?
30
Suppose 8*u - 5*u = 18. Calculate the greatest common factor of u and 12.
6
Let m be 4/(-6)*(-12)/(-2). Let r be (-19)/m*14*10. Suppose 5*w + 4*n - r = 0, 6*n + 133 = w + 3*n. What is the greatest common factor of 19 and w?
19
Suppose -50 = 3*n - 8*n. What is the greatest common factor of 2 and n?
2
Suppose 2*x - 38 = -2*d + 50, 5 = 5*x. Calculate the greatest common factor of 86 and d.
43
Let n = 90 - 66. Let d = 11 - 5. What is the greatest common factor of d and n?
6
Suppose 5*d = 5*c + 310, 5*c + 20 = c. What is the highest common divisor of 19 and d?
19
Suppose 9*a = 8*a + 27. What is the greatest common factor of a and 9?
9
Let l be (-2)/3 - (-5260)/15. Suppose -3*w - z + l = w, -w - 5*z + 97 = 0. Calculate the greatest common divisor of w and 58.
29
Let q(t) = t**3 + 6*t**2 - 5*t + 10. Let n be q(-7). Let u = 0 - n. Calculate the highest common divisor of u and 1.
1
Let y(x) = x**2 - 1. 